r of 529468504?
False
Is 3 a factor of 138984439?
False
Is 140 a factor of 126756000?
True
Does 45 divide 95282531?
False
Is 3465596965 a multiple of 61?
True
Is 9 a factor of 12465396?
True
Is 29 a factor of 419926293?
True
Is 160465160 a multiple of 10?
True
Is 3806901 even?
False
Does 757 divide 4712325?
True
Does 9 divide 46383435?
True
Is 25 a factor of 1164853820?
False
Does 722 divide 96456312?
True
Is 15 a factor of 1056982984?
False
Is 359 a factor of 20470170?
False
Does 110 divide 407152680?
True
Is 107 a factor of 1684362007?
True
Is 242254080 a multiple of 60?
True
Does 348 divide 137244936?
True
Is 20925912 a multiple of 102?
True
Is 59 a factor of 27694604?
False
Is 67049334 a multiple of 9?
True
Does 27 divide 54621432?
True
Is 4 a factor of 113254596?
True
Does 54 divide 160671438?
True
Is 1792710192 a multiple of 91?
True
Does 4 divide 1072869053?
False
Is 51355113 a multiple of 133?
False
Does 546 divide 501228480?
False
Is 1099855244 a multiple of 140?
False
Does 13 divide 205659623?
True
Is 46935958 a multiple of 191?
True
Is 12 a factor of 31142892?
True
Is 323823110 a multiple of 609?
False
Does 4 divide 1112768391?
False
Is 54323624 a multiple of 612?
False
Is 18321260 a multiple of 4?
True
Is 182402808 a multiple of 232?
True
Does 115 divide 114841150?
False
Is 181 a factor of 48801763?
True
Does 1568 divide 45249344?
True
Is 15 a factor of 760155673?
False
Is 460851936 a multiple of 12?
True
Does 2383 divide 383148037?
False
Is 8 a factor of 21606500?
False
Is 15 a factor of 97103895?
True
Does 18 divide 16168092?
False
Is 10590742 a multiple of 32?
False
Is 17 a factor of 3084220266?
False
Does 1087 divide 19540999?
True
Is 12 a factor of 4520505720?
True
Is 1104724364 a multiple of 80?
False
Does 36 divide 417675348?
True
Is 7 a factor of 61856200?
True
Is 232614450 a multiple of 10?
True
Is 127 a factor of 4076409043?
True
Is 435014250 a multiple of 1005?
True
Does 366 divide 16881384?
True
Is 8230 a factor of 1275027807?
False
Is 46 a factor of 22261930?
True
Does 9 divide 78866772?
False
Does 10 divide 99870803?
False
Is 26 a factor of 14167850?
False
Is 35590026 a multiple of 2246?
False
Does 86 divide 568344760?
True
Does 7 divide 370303232?
False
Does 2 divide 5062395?
False
Is 126 a factor of 803037572?
False
Does 68 divide 40904584?
True
Does 469 divide 10817485?
True
Is 1403 a factor of 322380369?
False
Is 87761205 a multiple of 147?
True
Is 464 a factor of 497894385?
False
Is 45003671 a multiple of 43?
True
Is 136392318 a multiple of 44?
False
Is 939 a factor of 114901241?
False
Is 186 a factor of 48466921?
False
Is 17 a factor of 315816463?
True
Does 21 divide 13870486?
False
Is 207258526 a multiple of 697?
True
Is 2214849 a multiple of 21?
True
Is 17 a factor of 6106281?
True
Is 190 a factor of 49175257?
False
Does 4 divide 5852792?
True
Is 794 a factor of 54043898?
False
Is 2 a factor of 10520170?
True
Is 164720675 a multiple of 25?
True
Is 3948280686 a multiple of 10017?
True
Is 386 a factor of 1736368504?
True
Is 150 a factor of 29723550?
True
Is 27 a factor of 92786914?
False
Is 33 a factor of 563517443?
False
Is 43398565 a multiple of 133?
True
Is 55 a factor of 399340518?
False
Is 411 a factor of 46511637?
True
Is 343579970 a multiple of 36?
False
Is 49720495 a multiple of 6?
False
Is 6 a factor of 143749546?
False
Is 3 a factor of 107909491?
False
Is 5915541 a multiple of 17?
True
Is 34 a factor of 1761894096?
False
Is 11373661 a multiple of 109?
False
Does 155 divide 34369813?
False
Is 60 a factor of 285363240?
True
Does 21 divide 133908978?
True
Does 2957 divide 128797699?
False
Does 10 divide 15351350?
True
Is 16788638 a multiple of 421?
True
Does 1184 divide 618053920?
True
Is 31728521 a multiple of 165?
False
Is 684 a factor of 54572015?
False
Is 28 a factor of 69788662?
False
Does 161 divide 116166169?
True
Is 192725242 a multiple of 841?
True
Does 514 divide 16970738?
True
Does 11 divide 33978924?
False
Is 30 a factor of 136428180?
True
Does 577 divide 105601386?
True
Does 947 divide 67812776?
True
Is 39167982 a multiple of 18?
True
Does 45 divide 8532265?
False
Is 15923080 a multiple of 49?
False
Does 16 divide 2870832?
True
Is 221 a factor of 29697025?
False
Is 319320055 a multiple of 16?
False
Is 357 a factor of 3193694?
False
Does 5 divide 147624145?
True
Is 15097347 a multiple of 15?
False
Is 12 a factor of 1813324?
False
Is 3 a factor of 396165?
True
Is 97220501 a multiple of 165?
False
Does 4 divide 7025903?
False
Is 1906013838 a multiple of 1318?
True
Is 20761278 even?
True
Does 514 divide 350475227?
False
Does 833 divide 46444748?
True
Is 984253942 a multiple of 36?
False
Is 1104 a factor of 1105472874?
False
Is 38652216 a multiple of 3307?
True
Is 2735622 a multiple of 9?
True
Is 9 a factor of 13172274?
True
Is 436911111 a multiple of 39?
True
Is 1230476345 a multiple of 2482?
False
Is 234962803 a multiple of 386?
False
Is 4918912 a multiple of 5?
False
Is 68274475 a multiple of 5?
True
Is 198906646 a multiple of 347?
True
Is 92 a factor of 41337532?
True
Is 9 a factor of 1716897710?
False
Is 737470176 a multiple of 2062?
True
Is 136967317 a multiple of 17?
True
Is 25 a factor of 648047531?
False
Does 10 divide 206580230?
True
Does 16 divide 37817483?
False
Does 1908 divide 211405855?
False
Does 90 divide 82689525?
False
Is 27 a factor of 1406567430?
True
Does 1289 divide 477665505?
False
Is 763629783 a multiple of 21?
True
Is 14 a factor of 8213487?
False
Is 551670010 a multiple of 10?
True
Does 449 divide 79635334?
False
Is 53 a factor of 412282389?
True
Does 34 divide 596927279?
False
Is 511 a factor of 8583615?
False
Is 92187472 a multiple of 16?
True
Is 514 a factor of 16485871?
False
Does 25 divide 2260249050?
True
Does 354 divide 23913459?
False
Is 1577 a factor of 3065593879?
False
Is 2229 a factor of 836131335?
True
Is 674554246 a multiple of 16?
False
Is 78149141 a multiple of 461?
False
Is 2287191791 a multiple of 407?
False
Is 2203 a factor of 13826028?
True
Is 366 a factor of 213896622?
True
Is 123237326 a multiple of 15?
False
Is 623202058 a multiple of 411?
False
Is 1836779855 a multiple of 755?
True
Is 79156140 a multiple of 4580?
True
Does 423 divide 6641390?
False
Is 794797952 a multiple of 19?
False
Is 10 a factor of 91628320?
True
Does 2 divide 6228064?
True
Does 152 divide 701882648?
True
Is 68 a factor of 322230308?
True
Is 10 a factor of 2342930?
True
Is 562672432 a multiple of 1169?
True
Does 235 divide 28148911?
False
Is 166468904 a multiple of 692?
True
Is 10 a factor of 119059?
False
Is 63196884 a multiple of 706?
True
Is 5841528 a multiple of 8?
True
Is 29 a factor of 345657931?
True
Is 1377 a factor of 67887539?
False
Is 12 a factor of 9140961?
False
Is 170189944 a multiple of 48?
False
Is 2144196351 a multiple of 3264?
False
Is 306 a factor of 64391886?
True
Does 4789 divide 647469332?
False
Is 114978746 a multiple of 968?
False
Does 4 divide 9032357?
False
Does 11 divide 3727027436?
True
Is 52 a factor of 448404737?
False
Does 811 divide 1022889970?
True
Does 354 divide 574420932?
True
Is 59 a factor of 25426581?
True
Does 5 divide 55386230?
True
Does 37 divide 79218591?
True
Is 14 a factor of 1308044388?
True
Is 7021746 a multiple of 5033?
False
Is 569630770 a multiple of 829?
True
Is 1618 a factor of 325418632?
True
Is 132794179 a multiple of 39?
False
Is 80672267 a multiple of 13?
True
Is 226633670 a multiple of 27?
False
Is 59 a factor of 29911171?
True
Is 3 a factor of 93947319?
True
Is 3371152805 a multiple of 95?
True
Is 5083547182 a multiple of 5182?
True
Is 16 a factor of 30524419?
False
Is 204665172 a multiple of 2642?
True
Does 150 divide 419310994?
False
Is 532 a factor of 33521802?
False
Is 92788754 a multiple of 34?
True
Is 32163949 a multiple of 441?
False
Is 133107261 a multiple of 617?
True
Does 34 divide 165057568?
False
Is 4243357046 a multiple of 646?
False
Is 8029440 a multiple of 765?
True
Is 1068 a factor of 344625542?
False
Is 25 a factor of 5066897350?
True
Does 145 divide 2548443004?
False
Is 262 a factor of 1932243709?
False
Does 13 divide 190937706?
False
Is 170 a factor of 2196435020?
True
Does 859 divide 253064836?
True
Is 21425141 a multiple of 239?
False
Does 9 divide 5849888023?
False
Is 915917562 a multiple of 3